093
In base 16, what is 183ba - 26?
18394
In base 11, what is 153 - 1021?
-979
In base 6, what is 1 + -4434114110?
-4434114105
In base 10, what is 11910 + 1324?
13234
In base 9, what is -36 + 14415803?
14415756
In base 3, what is 1001121121102 - 1020?
1001121120012
In base 9, what is 166742388 - 4?
166742384
In base 6, what is -12555145040 - -5?
-12555145031
In base 2, what is 101 + 100010011111101100010000101?
100010011111101100010001010
In base 5, what is -1340204120100 + -4?
-1340204120104
In base 9, what is -3 + 4051845?
4051842
In base 6, what is -540352 - 2141?
-542533
In base 3, what is -10120001221 + -110220?
-10120112211
In base 9, what is 513 + -182622?
-182108
In base 14, what is -2475a5 + a?
-247599
In base 6, what is -305222101 - 11?
-305222112
In base 3, what is -11211220011 + -20220?
-11212011001
In base 2, what is -101111100111 - 100100100010011000?
-100101010001111111
In base 9, what is 1030 - -1317?
2347
In base 13, what is -2 - 43b963?
-43b965
In base 9, what is 67087 + 312?
67410
In base 13, what is 10 + 312683?
312693
In base 3, what is -11211021000 + 212?
-11211020011
In base 4, what is 121333203021 + -3?
121333203012
In base 16, what is 3b0c3e - 57?
3b0be7
In base 12, what is -25 + -189319b?
-1893204
In base 5, what is 1022221 - -2401?
1030122
In base 7, what is 12624214041 - -3?
12624214044
In base 6, what is 13035 + -42224?
-25145
In base 12, what is 295b - 3330?
-591
In base 10, what is -34 + -160516?
-160550
In base 15, what is 34e2212b - -5?
34e22131
In base 10, what is -77 + 732667?
732590
In base 11, what is -1891 - 831?
-2612
In base 2, what is -1 + 1111011011111010?
1111011011111001
In base 16, what is -e + -f039?
-f047
In base 8, what is 6325337 - 102?
6325235
In base 16, what is 252e11 - -62?
252e73
In base 2, what is 11000110 + -1011001011010001?
-1011001000001011
In base 14, what is 40aa2479 + -4?
40aa2475
In base 9, what is -3 - 316687605?
-316687608
In base 12, what is -20761 + 7b51?
-14810
In base 2, what is -1011110100010100101101 + 100?
-1011110100010100101001
In base 9, what is -203830 - 151?
-204081
In base 4, what is 312021 + 11113?
323200
In base 15, what is -326 + -3edb?
-4312
In base 14, what is 1205 + 73?
1278
In base 13, what is 1c9 - -1cb842?
1cba3b
In base 13, what is -b944 + -31a2?
-11b16
In base 10, what is -298 + 340420?
340122
In base 10, what is -2206743 + -47?
-2206790
In base 8, what is 32543730 - -63?
32544013
In base 6, what is -10215002 - 153?
-10215155
In base 2, what is -1010011000110110101000001 - -100?
-1010011000110110100111101
In base 7, what is -154430031 - 6?
-154430040
In base 16, what is 7926 + 7ad?
80d3
In base 14, what is -3c32ac5a - -4?
-3c32ac56
In base 8, what is -5 - -34220543?
34220536
In base 4, what is 1 + 23302130033?
23302130100
In base 4, what is 312232032 + 21220?
312313312
In base 3, what is 1002201221202120010 - -2?
1002201221202120012
In base 15, what is 5ec - -8ae4?
91e1
In base 11, what is -2a745a44 + 0?
-2a745a44
In base 13, what is 378b8a - -6?
378b93
In base 3, what is -112201 - -1011100000202?
1011022111001
In base 16, what is 12b7b9b5 + -1?
12b7b9b4
In base 14, what is -52224 - 18?
-5223c
In base 12, what is 143 + 12a905?
12aa48
In base 11, what is -20a76 - -19885?
-21a1
In base 8, what is 1667 - -72525?
74414
In base 10, what is 398707 - 12?
398695
In base 2, what is 10011111111110 - 100010100?
10011011101010
In base 16, what is b44f + b3?
b502
In base 12, what is -359197a1 - 1?
-359197a2
In base 6, what is 2333104404 - -4?
2333104412
In base 14, what is -b8d249 + 2?
-b8d247
In base 9, what is -4 + -14618427?
-14618432
In base 8, what is 276 + -51330?
-51032
In base 6, what is -1320221355 - 2?
-1320221401
In base 14, what is -703b + 11d9?
-5c42
In base 15, what is -35 + -4dda7?
-4dddc
In base 10, what is 14 + -147239?
-147225
In base 10, what is -1 + -4141779?
-4141780
In base 2, what is -10100011110100110010001100 - -100?
-10100011110100110010001000
In base 10, what is 671886 + 31?
671917
In base 15, what is -139ede8b - 2?
-139ede8d
In base 10, what is 8 - -135463?
135471
In base 11, what is -571 - -3653?
3092
In base 2, what is 0 - -100010000010101110000010?
100010000010101110000010
In base 11, what is -30a2aa + -374?
-30a673
In base 15, what is 2319 + d1?
23ea
In base 2, what is 1 - -1001000000101101011100?
1001000000101101011101
In base 12, what is 3b76 + 3b32?
7aa8
In base 8, what is 226412 - 211?
226201
In base 13, what is -24634 + 5665?
-1bc9c
In base 14, what is -da7 - 1082?
-2049
In base 10, what is 117 + -1003349?
-1003232
In base 11, what is -363 - -4643?
4290
In base 9, what is 7 + -45612242?
-45612234
In base 10, what is 10694620 - 21?
10694599
In base 7, what is -2124366 - -22?
-2124344
In base 9, what is 3178641 + 18?
3178660
In base 5, what is 11343 - -140004?
201402
In base 12, what is 17 - 60b59a?
-60b583
In base 7, what is -1352 + -1253264?
-1254646
In base 12, what is 2b7 - -244a?
2745
In base 2, what is 101100111100001010 + 110?
101100111100010000
In base 2, what is 11000000101 + 10011011?
11010100000
In base 10, what is 12821 - -3009?
15830
In base 8, what is 11331347 + 4?
11331353
In base 8, what is -143 + -16453671?
-16454034
In base 5, what is 403204441 + -12?
403204424
In base 10, what is 11404619 - -9?
11404628
In base 13, what is 286c + 650?
31bc
In base 16, what is ca23 + -94?
c98f
In base 8, what is 65 - -344364?
344451
In base 10, what is 102 - -54986?
55088
In base 11, what is -7 + -10887600a?
-108876016
In base 10, what is 5099848 + 2?
5099850
In base 14, what is -a49 - -58d?
-49a
In base 13, what is 146a + -35a?
1110
In base 13, what is -674b3c + 9?
-674b33
In base 8, what is -65 + -434060?
-434145
In base 16, what is -c2bb2 - 80?
-c2c32
In base 13, what is 13 - -3158?
316b
In base 9, what is -12713731 + 4?
-12713726
In base 15, what is -ce - -2adec?
2ad1d
In base 16, what is -42a + -2b26?
-2f50
In base 8, what is 4 - 54410315?
-54410311
In base 15, what is 1adc88 + 63?
1adceb
In base 14, what is 19ddd + 8d?
1a08c
In base 7, what is -6 + 424541624?
424541615
In base 14, what is c4d08 - 398?
c4950
In base 16, what is 4 + 31dc3?
31dc7
In base 11, what is -64a8 + 2158?
-4350
In base 15, what is 1d0a + ebb?
2cc6
In base 6, what is 5 + 440334104?
440334113
In base 11, what is -137 - 79086a?
-7909a6
In base 12, what is -7821 + 965?
-6a78
In base 13, what is 5540054 - -9?
5540060
In base 14, what is -751698 + -7?
-7516a1
In base 16, what is 87 - -2baa?
2c31
In base 9, what is 0 - 1046216458?
-1046216458
In base 5, what is -43230220340 + 2?
-43230220333
In base 13, what is 8053 + -35a?
79c6
In base 10, what is -7686 - -2063?
-5623
In base 11, what is 1041090aa - 6?
1041090a4
In base 2, what is -100 - -110000101110101100010100?
110000101110101100010000
In base 15, what is -288 - 12d03?
-1308b
In base 15, what is 4 - -287edb?
287ee0
In base 4, what is 33000 + 3231?
102231
In base 14, what is -373a15a + -1?
-373a15b
In base 10, what is -197931 + -142?
-198073
In base 10, what is 18 - 18936592?
-18936574
In base 2, what is 1100010011110011010110001 + 1000?
1100010011110011010111001
In base 5, what is 100332 - 12432?
32400
In base 11, what is -a2704a + -1?
-a27050
In base 13, what is 461 + 32b8?
3749
In base 6, what is -2044 - 2202152?
-2204240
In base 2, what is 1001 + -10110011010100100?
-10110011010011011
In base 11, what is -1a812 - -685?
-1a138
In base 11, what is 15132507 - 1?
15132506
In base 6, what is -10345130152 + 0?
-10345130152
In base 12, what is -15267 + -73?
-1531a
In base 16, what is -cc64 - -655?
-c60f
In base 4, what is -2002 - 1012211103?
-1012213111
In base 8, what is -76 + -6215322?
-6215420
In base 16, what is 47fd8a + -1?
47fd89
In base 7, what is 10260615 - 100?
10260515
In base 8, what is -65242 + -3301?
-70543
In base 12, what is 7 + -3a2a847?
-3a2a840
In base 13, what is 151b91a9 + 2?
151b91ab
In base 13, what is -2cc3ba + -2c?
-2cc419
In base 3, what is 101000122212 - 122011?
101000000201
In base 2, what is -11010010 - 11010010111101010?
-11010011010111100
In base 5, what is -210 - 122444242?
-123000002
In base 12, what is -191a9 - 259?
-19446
In base 6, what is -2244450 - -2145?
-2242301
In base 8, what is -507 - 334620?
-335327
In base 5, what is -3121431121 - 0?
-3121431121
In base 8, what is 